ase 10, what is -4 + -14?
-18
In base 2, what is -10010001011 + 10?
-10010001001
In base 2, what is -1010 + -1000?
-10010
In base 14, what is 1abd + 1?
1ac0
In base 10, what is 4 - -12?
16
In base 14, what is 104 + 4?
108
In base 12, what is 3 - -43?
46
In base 15, what is 6 + e?
15
In base 2, what is -11010 - 0?
-11010
In base 6, what is 152 - -3?
155
In base 3, what is 102 + -202?
-100
In base 9, what is 366 - -1?
367
In base 7, what is -1132 - 11?
-1143
In base 7, what is -202 + -1?
-203
In base 4, what is -2 - -23302?
23300
In base 3, what is 1120002 + -2?
1120000
In base 16, what is -465 - 3?
-468
In base 8, what is 3 - -11725?
11730
In base 8, what is 2 - -56?
60
In base 3, what is 202120 - -12?
202202
In base 10, what is -5 - -129?
124
In base 15, what is -113c + 0?
-113c
In base 16, what is -20aa + 3?
-20a7
In base 10, what is -123 + -158?
-281
In base 16, what is -25 - -4?
-21
In base 10, what is -58 - 13?
-71
In base 3, what is -1101201 + 2?
-1101122
In base 9, what is -5 + -615?
-621
In base 12, what is 0 - -136?
136
In base 16, what is 0 + -68d?
-68d
In base 2, what is -1100011001 + -110?
-1100011111
In base 16, what is 86 + -8?
7e
In base 10, what is -39 - 14?
-53
In base 9, what is -20 - 274?
-304
In base 5, what is 4 - -101144?
101203
In base 12, what is 0 - -260?
260
In base 14, what is -1 - -bb2?
bb1
In base 2, what is -10 + 1000011?
1000001
In base 4, what is 1122 + 20?
1202
In base 8, what is -4 - -11014?
11010
In base 5, what is 41 - 0?
41
In base 13, what is 4 - -2c?
33
In base 3, what is -200211 - -1?
-200210
In base 12, what is -34 - -7?
-29
In base 15, what is 8e + -5?
89
In base 8, what is -14 + 5?
-7
In base 10, what is -2 + -146?
-148
In base 4, what is -10 + -11333?
-12003
In base 14, what is 9 + -17?
-c
In base 10, what is -7654 - -3?
-7651
In base 8, what is -60 + 6?
-52
In base 10, what is 65 - -42?
107
In base 15, what is -3739 - -5?
-3734
In base 14, what is -2 - 1b?
-1d
In base 13, what is 50 + -18?
35
In base 12, what is -4 - 38?
-40
In base 8, what is -1 + -3111?
-3112
In base 3, what is 102 + 0?
102
In base 8, what is -4 - -117?
113
In base 2, what is 1110101 + 0?
1110101
In base 12, what is 1619 + -2?
1617
In base 2, what is 1010010000010011 + -10?
1010010000010001
In base 4, what is -3 - 233?
-302
In base 11, what is 326 + 3?
329
In base 12, what is -106 - -6?
-100
In base 10, what is 5 - -74?
79
In base 15, what is 114 - -4?
118
In base 14, what is -2 + -911?
-913
In base 14, what is -10 + 0?
-10
In base 10, what is -326 + -10?
-336
In base 5, what is -1420 - 12?
-1432
In base 8, what is -53 + -4?
-57
In base 15, what is 2 + 19?
1b
In base 13, what is 5 - -17?
1c
In base 16, what is -4b6 - -3?
-4b3
In base 7, what is 4 - -25?
32
In base 15, what is 4 + 12a?
12e
In base 12, what is 5 + 76?
7b
In base 4, what is -2 - 2001?
-2003
In base 7, what is 1 + 416?
420
In base 8, what is -2231 + 2?
-2227
In base 14, what is -27 + 23?
-4
In base 12, what is 29 - 7?
22
In base 10, what is 8 + 9?
17
In base 14, what is 10 - 180?
-170
In base 8, what is 150 + 5?
155
In base 3, what is -10101 - 1?
-10102
In base 4, what is 1212312 - 2?
1212310
In base 15, what is -9 + -29?
-33
In base 9, what is 1770 - -3?
1773
In base 13, what is -96 + 7?
-8c
In base 12, what is 15 + 7?
20
In base 13, what is -778 + -1?
-779
In base 7, what is 5 + 1134?
1142
In base 12, what is 59 - 1?
58
In base 9, what is 6375 + 3?
6378
In base 13, what is -1b + 754?
736
In base 11, what is -83 - 21?
-a4
In base 12, what is 142 + -8?
136
In base 4, what is -11 - -133?
122
In base 3, what is 12 - 102?
-20
In base 10, what is -43 - -7?
-36
In base 13, what is -70 - 1?
-71
In base 3, what is -2 - -1002?
1000
In base 7, what is -2 + 10254?
10252
In base 5, what is 12301 - -11?
12312
In base 5, what is 33 + 130?
213
In base 14, what is -72 + -1a?
-8c
In base 2, what is -10 - -11011001?
11010111
In base 9, what is 1653 + -4?
1648
In base 12, what is 2b51 + -5?
2b48
In base 8, what is -5 + -111?
-116
In base 10, what is 10 - 6?
4
In base 4, what is 22031 - -3?
22100
In base 10, what is 264 + 9?
273
In base 13, what is a + -47?
-3a
In base 16, what is 7 + -6e2?
-6db
In base 16, what is -1bf - 0?
-1bf
In base 12, what is 104 - 6?
ba
In base 4, what is 1100323 - 1?
1100322
In base 8, what is 1067 - 0?
1067
In base 14, what is -228 - -c?
-21a
In base 2, what is -10010 - -111110110?
111100100
In base 5, what is 12 + 41?
103
In base 8, what is 5 - -54?
61
In base 12, what is 25a2 - 3?
259b
In base 11, what is -135 + -a?
-144
In base 5, what is -230431 + 2?
-230424
In base 15, what is 4 + 145?
149
In base 8, what is -3 + -145?
-150
In base 9, what is -326 - 2?
-328
In base 2, what is 10100 + -10?
10010
In base 10, what is -3 - 46?
-49
In base 4, what is -102 + 121?
13
In base 7, what is 524 - -3?
530
In base 4, what is 3 - 111?
-102
In base 13, what is -102 - -15?
-ba
In base 12, what is -5 + -182?
-187
In base 10, what is -1 + 567?
566
In base 11, what is 83 + -12?
71
In base 12, what is b53 + -4?
b4b
In base 5, what is -324 + 120?
-204
In base 3, what is 0 + 100022002?
100022002
In base 14, what is -746c - 4?
-7472
In base 8, what is -66 + 56?
-10
In base 3, what is -200022 - -1?
-200021
In base 2, what is 1010110 - 11011?
111011
In base 7, what is 160 + 5?
165
In base 9, what is 24181 + -1?
24180
In base 5, what is 414124 - 1?
414123
In base 12, what is -1 - a4?
-a5
In base 12, what is -32a - 5?
-333
In base 15, what is d - -8?
16
In base 16, what is -401 + -17?
-418
In base 12, what is -5 - 511?
-516
In base 6, what is -23 + -404?
-431
In base 16, what is -4a + -35?
-7f
In base 8, what is 1 - 772?
-771
In base 10, what is 2 + -125?
-123
In base 13, what is a0 - 46?
57
In base 16, what is 9 + 42?
4b
In base 13, what is -2 + -1b?
-20
In base 4, what is 1003223 - 0?
1003223
In base 8, what is -26 - 41?
-67
In base 4, what is -300 + 130?
-110
In base 3, what is -12101 - 11212?
-101020
In base 13, what is 2 - -293?
295
In base 9, what is -2763 - 0?
-2763
In base 3, what is 1 - -10101?
10102
In base 6, what is 25450 - 0?
25450
In base 7, what is 4 - 132?
-125
In base 12, what is b8 + 1?
b9
In base 12, what is -4 + -800?
-804
In base 11, what is -36 + 17?
-1a
In base 8, what is -22 - 16?
-40
In base 15, what is -1 + dde?
ddd
In base 15, what is -39a0 + -2?
-39a2
In base 6, what is -4 - 354?
-402
In base 8, what is -3667 - -14?
-3653
In base 12, what is -8 - 6?
-12
In base 12, what is 11 + 28?
39
In base 2, what is -11011 + -1010?
-100101
In base 8, what is -15 - -11?
-4
In base 10, what is -3 - 31?
-34
In base 3, what is 2 - 102022?
-102020
In base 13, what is 2 - -30?
32
In base 5, what is 4 + -404?
-400
In base 6, what is -23 + 25?
2
In base 9, what is 10888 - -5?
11004
In base 6, what is 2 - 1530?
-1524
In base 10, what is -9 + 9?
0
In base 14, what is 1 - -4?
5
In base 13, what is -7 - 1?
-8
In base 6, what is 0 + -1303?
-1303
In base 8, what is -120 - 4?
-124
In base 16, what is -f7 - 5?
-fc
In base 5, what is -33 - -331?
243
In base 5, what is 11441 - -3?
11444
In base 8, what is -344 - 5?
-351
In base 15, what is -c - -8?
-4
In base 12, what is 5 + -5b3?
-5aa
In base 9, what is 732 - 0?
732
In base 2, what is -11 - 1010010111?
-1010011010
In base 10, what is 11 + 23?
34
In base 8, what is -1 + -522?
-523
In base 5, what is -1 - -413?
412
In base 3, what is -120121211 + -1?
-120121212
In base 2, what is 11110111 - -10?
11111001
In base 15, what is -74e + 0?
-74e
In base 16, what is -e7 + -1a?
-101
In base 10, what is -85 - 17?
-102
In base 16, what is -4 - -1f?
1b
In base 11, what is 41 - 167?
-126
In base 10, what is -9 + 2254?
2245
In base 6, what is -33 + -20?
-53
In base 7, what is 5 - -11162?
11200
In base 8, what is 2657 + 2?
2661
In base 3, what is -2020 + 1?
-2012
In base 8, what is -12231 + -4?
-12235
In base 4, what is 322 + -2?
320
In base 14, what is 2 + b65?
b67
In base 10, what is 4 - -17?
21
In base 7, what is -100 - 266?
-366
In base 8, what is -33 + 14?
-17
In base 3, what is -200110 - 2?
-200112
In base 3, what is 11 + -10120?
-10102
In base 8, what is 70 + -3?
65
In base 8, what is 441 + 55?
516
In base 3, what is -2 - 10002?
-10011
In base 3, what is 10 + -100120?
-100110
In base 15, what is 38 - 48?
-10
In base 4, what is 1000 + -101?
